{"id":230,"date":"2020-08-23T05:08:09","date_gmt":"2020-08-23T05:08:09","guid":{"rendered":"https:\/\/bizbergthemes.com\/business-event\/?page_id=230"},"modified":"2022-10-17T15:23:03","modified_gmt":"2022-10-17T15:23:03","slug":"despre-deshub","status":"publish","type":"page","link":"https:\/\/deshub.happycities.org\/index.php\/despre-deshub\/","title":{"rendered":"Despre DESHub"},"content":{"rendered":"\n<figure class=\"wp-block-image size-large\"><img fetchpriority=\"high\" decoding=\"async\" width=\"1024\" height=\"465\" src=\"https:\/\/deshub.happycities.org\/wp-content\/uploads\/2022\/09\/WhatsApp-Image-2022-09-20-at-10.12.26-PM-1024x465.jpeg\" alt=\"\" class=\"wp-image-319\" srcset=\"https:\/\/deshub.happycities.org\/wp-content\/uploads\/2022\/09\/WhatsApp-Image-2022-09-20-at-10.12.26-PM-1024x465.jpeg 1024w, https:\/\/deshub.happycities.org\/wp-content\/uploads\/2022\/09\/WhatsApp-Image-2022-09-20-at-10.12.26-PM-300x136.jpeg 300w, https:\/\/deshub.happycities.org\/wp-content\/uploads\/2022\/09\/WhatsApp-Image-2022-09-20-at-10.12.26-PM-768x348.jpeg 768w, https:\/\/deshub.happycities.org\/wp-content\/uploads\/2022\/09\/WhatsApp-Image-2022-09-20-at-10.12.26-PM-1536x697.jpeg 1536w, https:\/\/deshub.happycities.org\/wp-content\/uploads\/2022\/09\/WhatsApp-Image-2022-09-20-at-10.12.26-PM.jpeg 1600w\" sizes=\"(max-width: 1024px) 100vw, 1024px\" \/><\/figure>\n\n\n\n<h2 class=\"wp-block-heading\">Despre DESHub<\/h2>\n\n\n\n<p>Rom\u00e2nia ocup\u0103 ultimul loc la nivelul Uniunii Europene \u00een ce prive\u0219te perfoman\u021ba digital\u0103 m\u0103surat\u0103 prin&nbsp;<a href=\"https:\/\/digital-strategy.ec.europa.eu\/en\/policies\/desi\">Digital Economy and Society Index (DESI)<\/a>, fiind la o distan\u021b\u0103 foarte mare de media european\u0103 pe toate dimensiunile \u0219i pe aproape toate sub-dimensiunile acestuia.&nbsp;<\/p>\n\n\n\n<p><em>DES Hub \u00ee\u0219i propune s\u0103 devin\u0103 centrul de analiz\u0103 \u0219i suport, bazat pe dialog \u00eentre autorit\u0103\u021bi, mediul privat, academic \u0219i non-guvernamental. El va fi orientat spre cre\u0219eterea permanent\u0103 a performan\u021bei economiei digitale \u00een Rom\u00e2nia \u0219i, implicit, a scorului \u00een DESI.<\/em><\/p>\n\n\n\n<p><strong>DES Hub<\/strong>&nbsp;va avea rolul de platform\u0103 de dialog, de resurs\u0103 de analiz\u0103 \u0219i documentare, de solu\u021bii generate colaborativ. Toate acestea vor fi \u021bintite pe dimensiunile \u0219i sub-dimensiunile DESI \u0219i pe indicatorii individuali ce \u00eei compun.&nbsp;<\/p>\n\n\n\n<p>\u00centreg efortul va \u021binti ca principal partener Guvernul Rom\u00e2niei, dar \u0219i institu\u021biile ce pot impacta dimensiunile DESI. Avem in vedere aici mediul academic, cel de afaceri precum \u0219i cel neguvernamental interesat.<\/p>\n\n\n\n<p>Fiind o structur\u0103 agil\u0103 \u0219i cu \u021binte foarte precise legate de indicatorii men\u021biona\u021bi, DES Hub va putea dinamiza procesul de transformare a Rom\u00e2niei. De asemenea, va crea pun\u021bi de leg\u0103tur\u0103 cu zone mai largi de interven\u021bie, dincolo de dimensiunile DESI.<\/p>\n\n\n\n<p>Mecanismul de lucru propus este de a ini\u021bia dialog multi-partit pe fiecare dimensiune a DESI. Conform inedxului acestea sunt Capital uman, Conectivitate, Integrarea tehnologiilor digitale, Servicii publice digitale. Mecanismul propus va avea rolul de a identifica posibilit\u0103\u021bile \u0219i interven\u021biile punctuale ce ar ajuta la cre\u0219terea scorului Rom\u00e2niei.<\/p>\n\n\n\n<p>\u00centreg mecanismul este menit a oferi Guvernului Rom\u00e2niei instrumente de a urm\u0103ri aceste progrese intermediare, inclusiv prin dialogul purtat cu persoanele desemnate ca responsabili din partea institu\u021biilor publice.<\/p>\n","protected":false},"excerpt":{"rendered":"<p>Despre DESHub Rom\u00e2nia ocup\u0103 ultimul loc la nivelul Uniunii Europene \u00een ce prive\u0219te perfoman\u021ba digital\u0103 m\u0103surat\u0103 prin&nbsp;Digital Economy and Society Index (DESI), fiind la o distan\u021b\u0103 foarte mare de media european\u0103 pe toate dimensiunile \u0219i pe aproape toate sub-dimensiunile acestuia.&nbsp; DES Hub \u00ee\u0219i propune s\u0103 devin\u0103 centrul de analiz\u0103 \u0219i suport, bazat pe dialog \u00eentre autorit\u0103\u021bi, mediul privat, academic \u0219i&#8230;<\/p>\n","protected":false},"author":1,"featured_media":305,"parent":0,"menu_order":0,"comment_status":"closed","ping_status":"closed","template":"page-templates\/full-width-container.php","meta":{"om_disable_all_campaigns":false,"_monsterinsights_skip_tracking":false,"_monsterinsights_sitenote_active":false,"_monsterinsights_sitenote_note":"","_monsterinsights_sitenote_category":0,"footnotes":""},"class_list":["post-230","page","type-page","status-publish","has-post-thumbnail","hentry"],"aioseo_notices":[],"_links":{"self":[{"href":"https:\/\/deshub.happycities.org\/index.php\/wp-json\/wp\/v2\/pages\/230","targetHints":{"allow":["GET"]}}],"collection":[{"href":"https:\/\/deshub.happycities.org\/index.php\/wp-json\/wp\/v2\/pages"}],"about":[{"href":"https:\/\/deshub.happycities.org\/index.php\/wp-json\/wp\/v2\/types\/page"}],"author":[{"embeddable":true,"href":"https:\/\/deshub.happycities.org\/index.php\/wp-json\/wp\/v2\/users\/1"}],"replies":[{"embeddable":true,"href":"https:\/\/deshub.happycities.org\/index.php\/wp-json\/wp\/v2\/comments?post=230"}],"version-history":[{"count":3,"href":"https:\/\/deshub.happycities.org\/index.php\/wp-json\/wp\/v2\/pages\/230\/revisions"}],"predecessor-version":[{"id":377,"href":"https:\/\/deshub.happycities.org\/index.php\/wp-json\/wp\/v2\/pages\/230\/revisions\/377"}],"wp:featuredmedia":[{"embeddable":true,"href":"https:\/\/deshub.happycities.org\/index.php\/wp-json\/wp\/v2\/media\/305"}],"wp:attachment":[{"href":"https:\/\/deshub.happycities.org\/index.php\/wp-json\/wp\/v2\/media?parent=230"}],"curies":[{"name":"wp","href":"https:\/\/api.w.org\/{rel}","templated":true}]}}